{"id":3,"date":"2024-12-17T09:55:51","date_gmt":"2024-12-17T08:55:51","guid":{"rendered":"http:\/\/vigitemp.fr\/?page_id=3"},"modified":"2026-03-09T15:48:37","modified_gmt":"2026-03-09T14:48:37","slug":"politique-de-confidentialite","status":"publish","type":"page","link":"https:\/\/vigisensys.fr\/index.php\/politique-de-confidentialite\/","title":{"rendered":"Politique de confidentialit\u00e9"},"content":{"rendered":"\t\t<div data-elementor-type=\"wp-page\" data-elementor-id=\"3\" class=\"elementor elementor-3\">\n\t\t\t\t<div class=\"elementor-element elementor-element-719cc2a8 e-flex e-con-boxed e-con e-parent\" data-id=\"719cc2a8\" data-element_type=\"container\" data-e-type=\"container\">\n\t\t\t\t\t<div class=\"e-con-inner\">\n\t\t\t\t<div class=\"elementor-element elementor-element-563000d elementor-widget elementor-widget-heading\" data-id=\"563000d\" data-element_type=\"widget\" data-e-type=\"widget\" data-widget_type=\"heading.default\">\n\t\t\t\t<div class=\"elementor-widget-container\">\n\t\t\t\t\t<h2 class=\"elementor-heading-title elementor-size-default\">POLITIQUE DE CONFIDENTIALIT\u00c9<\/h2>\t\t\t\t<\/div>\n\t\t\t\t<\/div>\n\t\t\t\t<div class=\"elementor-element elementor-element-65241501 elementor-widget elementor-widget-text-editor\" data-id=\"65241501\" data-element_type=\"widget\" data-e-type=\"widget\" data-widget_type=\"text-editor.default\">\n\t\t\t\t<div class=\"elementor-widget-container\">\n\t\t\t\t\t\t\t\t\t\n<p data-section-id=\"xgfogq\" data-start=\"254\" data-end=\"272\"><strong>1. Introduction<\/strong><\/p>\n<p data-start=\"274\" data-end=\"513\">La pr\u00e9sente politique de confidentialit\u00e9 a pour objectif d\u2019informer les utilisateurs du site <strong data-start=\"367\" data-end=\"381\">VigiSensys<\/strong> sur la mani\u00e8re dont leurs donn\u00e9es personnelles peuvent \u00eatre collect\u00e9es, utilis\u00e9es et prot\u00e9g\u00e9es lors de leur navigation sur le site.<\/p>\n<p data-start=\"515\" data-end=\"742\">La soci\u00e9t\u00e9 <strong data-start=\"526\" data-end=\"533\">MC2<\/strong> s\u2019engage \u00e0 respecter la r\u00e9glementation en vigueur relative \u00e0 la protection des donn\u00e9es personnelles, notamment le <strong data-start=\"648\" data-end=\"706\">R\u00e8glement G\u00e9n\u00e9ral sur la Protection des Donn\u00e9es (RGPD)<\/strong> et la loi Informatique et Libert\u00e9s.<\/p>\n<p data-start=\"515\" data-end=\"742\">\u00a0<\/p>\n<p data-section-id=\"10ccxrd\" data-start=\"749\" data-end=\"780\"><strong>2. Responsable du traitement<\/strong><\/p>\n<p data-start=\"782\" data-end=\"849\">Les donn\u00e9es personnelles collect\u00e9es sur le site sont trait\u00e9es par :<\/p>\n<p data-start=\"851\" data-end=\"939\"><strong data-start=\"851\" data-end=\"858\">MC2<\/strong><br data-start=\"878\" data-end=\"881\" \/>Si\u00e8ge social : 2, all\u00e9e Alan Turing &#8211; CS40033 &#8211; 63170 AUBIERE<\/p>\n<p data-start=\"941\" data-end=\"979\">Email de contact : <strong data-start=\"960\" data-end=\"979\">contact@mc2lab.fr<\/strong><\/p>\n<p data-start=\"941\" data-end=\"979\">\u00a0<\/p>\n<p data-section-id=\"1tlo4vh\" data-start=\"986\" data-end=\"1010\"><strong>3. Donn\u00e9es collect\u00e9es<\/strong><\/p>\n<p data-start=\"1012\" data-end=\"1097\">Lors de l\u2019utilisation du site, certaines donn\u00e9es peuvent \u00eatre collect\u00e9es, notamment :<\/p>\n<ul data-start=\"1099\" data-end=\"1246\">\n<li data-section-id=\"my8ugi\" data-start=\"1099\" data-end=\"1116\">\n<p data-start=\"1101\" data-end=\"1116\">nom et pr\u00e9nom<\/p>\n<\/li>\n<li data-section-id=\"p94amr\" data-start=\"1117\" data-end=\"1134\">\n<p data-start=\"1119\" data-end=\"1134\">adresse email<\/p>\n<\/li>\n<li data-section-id=\"17v6zlb\" data-start=\"1135\" data-end=\"1158\">\n<p data-start=\"1137\" data-end=\"1158\">num\u00e9ro de t\u00e9l\u00e9phone<\/p>\n<\/li>\n<li data-section-id=\"1qkt05z\" data-start=\"1159\" data-end=\"1185\">\n<p data-start=\"1161\" data-end=\"1185\">soci\u00e9t\u00e9 \/ organisation<\/p>\n<\/li>\n<li data-section-id=\"bo7cvp\" data-start=\"1186\" data-end=\"1246\">\n<p data-start=\"1188\" data-end=\"1246\">toute information transmise via les formulaires de contact<\/p>\n<\/li>\n<\/ul>\n<p data-start=\"1248\" data-end=\"1362\">Certaines donn\u00e9es techniques peuvent \u00e9galement \u00eatre collect\u00e9es automatiquement lors de la navigation, telles que :<\/p>\n<ul data-start=\"1364\" data-end=\"1443\">\n<li data-section-id=\"1u0bvvq\" data-start=\"1364\" data-end=\"1378\">\n<p data-start=\"1366\" data-end=\"1378\">adresse IP<\/p>\n<\/li>\n<li data-section-id=\"19nfg0h\" data-start=\"1379\" data-end=\"1401\">\n<p data-start=\"1381\" data-end=\"1401\">type de navigateur<\/p>\n<\/li>\n<li data-section-id=\"17qhr63\" data-start=\"1402\" data-end=\"1422\">\n<p data-start=\"1404\" data-end=\"1422\">pages consult\u00e9es<\/p>\n<\/li>\n<li data-section-id=\"1mropgf\" data-start=\"1423\" data-end=\"1443\">\n<p data-start=\"1425\" data-end=\"1443\">dur\u00e9e de la visite<\/p>\n<\/li>\n<\/ul>\n<p>\u00a0<\/p>\n<p data-section-id=\"s4bn6e\" data-start=\"1450\" data-end=\"1491\"><strong>4. Finalit\u00e9 de la collecte des donn\u00e9es<\/strong><\/p>\n<p data-start=\"1493\" data-end=\"1581\">Les donn\u00e9es personnelles collect\u00e9es sur le site VigiSensys peuvent \u00eatre utilis\u00e9es pour :<\/p>\n<ul data-start=\"1583\" data-end=\"1826\">\n<li data-section-id=\"73vrq6\" data-start=\"1583\" data-end=\"1648\">\n<p data-start=\"1585\" data-end=\"1648\">r\u00e9pondre aux demandes envoy\u00e9es via les formulaires de contact<\/p>\n<\/li>\n<li data-section-id=\"ef7vcv\" data-start=\"1649\" data-end=\"1704\">\n<p data-start=\"1651\" data-end=\"1704\">assurer le suivi des \u00e9changes avec les utilisateurs<\/p>\n<\/li>\n<li data-section-id=\"182adnz\" data-start=\"1705\" data-end=\"1772\">\n<p data-start=\"1707\" data-end=\"1772\">am\u00e9liorer l\u2019exp\u00e9rience utilisateur et le fonctionnement du site<\/p>\n<\/li>\n<li data-section-id=\"12o1lm8\" data-start=\"1773\" data-end=\"1826\">\n<p data-start=\"1775\" data-end=\"1826\">r\u00e9aliser des statistiques anonymes de fr\u00e9quentation<\/p>\n<\/li>\n<\/ul>\n<p data-start=\"1828\" data-end=\"1943\">Les donn\u00e9es collect\u00e9es ne sont utilis\u00e9es que dans le cadre des finalit\u00e9s pour lesquelles elles ont \u00e9t\u00e9 recueillies.<\/p>\n<p data-start=\"1828\" data-end=\"1943\">\u00a0<\/p>\n<p data-section-id=\"jzxnkr\" data-start=\"1950\" data-end=\"1989\"><strong>5. Dur\u00e9e de conservation des donn\u00e9es<\/strong><\/p>\n<p data-start=\"1991\" data-end=\"2130\">Les donn\u00e9es personnelles sont conserv\u00e9es pendant une dur\u00e9e limit\u00e9e et proportionn\u00e9e aux finalit\u00e9s pour lesquelles elles ont \u00e9t\u00e9 collect\u00e9es.<\/p>\n<p data-start=\"2132\" data-end=\"2151\">En r\u00e8gle g\u00e9n\u00e9rale :<\/p>\n<ul data-start=\"2153\" data-end=\"2268\">\n<li data-section-id=\"qos64q\" data-start=\"2153\" data-end=\"2268\">\n<p data-start=\"2155\" data-end=\"2268\">les donn\u00e9es issues des formulaires de contact sont conserv\u00e9es pendant <strong data-start=\"2225\" data-end=\"2267\">3 ans maximum apr\u00e8s le dernier contact<\/strong>.<\/p>\n<\/li>\n<\/ul>\n<p>\u00a0<\/p>\n<p data-section-id=\"1552xj7\" data-start=\"2275\" data-end=\"2306\"><strong>6. Destinataires des donn\u00e9es<\/strong><\/p>\n<p data-start=\"2308\" data-end=\"2394\">Les donn\u00e9es personnelles collect\u00e9es sont destin\u00e9es exclusivement \u00e0 la soci\u00e9t\u00e9 <strong data-start=\"2386\" data-end=\"2393\">MC2<\/strong>.<\/p>\n<p data-start=\"2396\" data-end=\"2531\">Elles ne sont <strong data-start=\"2410\" data-end=\"2458\">ni vendues, ni lou\u00e9es, ni c\u00e9d\u00e9es \u00e0 des tiers<\/strong> sans le consentement pr\u00e9alable de l\u2019utilisateur, sauf obligation l\u00e9gale.<\/p>\n<p data-start=\"2396\" data-end=\"2531\">\u00a0<\/p>\n<p data-section-id=\"mullbk\" data-start=\"2538\" data-end=\"2564\"><strong>7. S\u00e9curit\u00e9 des donn\u00e9es<\/strong><\/p>\n<p data-start=\"2566\" data-end=\"2748\">La soci\u00e9t\u00e9 MC2 met en \u0153uvre les mesures techniques et organisationnelles appropri\u00e9es afin d\u2019assurer la s\u00e9curit\u00e9 et la confidentialit\u00e9 des donn\u00e9es personnelles collect\u00e9es sur le site.<\/p>\n<p data-start=\"2750\" data-end=\"2858\">Ces mesures visent \u00e0 prot\u00e9ger les donn\u00e9es contre toute perte, alt\u00e9ration, divulgation ou acc\u00e8s non autoris\u00e9.<\/p>\n<p data-start=\"2750\" data-end=\"2858\">\u00a0<\/p>\n<p data-section-id=\"3elzhg\" data-start=\"2865\" data-end=\"2878\"><strong>8. Cookies<\/strong><\/p>\n<p data-start=\"2880\" data-end=\"2934\">Le site VigiSensys peut utiliser des cookies afin de :<\/p>\n<ul data-start=\"2936\" data-end=\"3048\">\n<li data-section-id=\"83wm0e\" data-start=\"2936\" data-end=\"2976\">\n<p data-start=\"2938\" data-end=\"2976\">am\u00e9liorer l\u2019exp\u00e9rience de navigation<\/p>\n<\/li>\n<li data-section-id=\"10ihkrw\" data-start=\"2977\" data-end=\"3008\">\n<p data-start=\"2979\" data-end=\"3008\">analyser l\u2019audience du site<\/p>\n<\/li>\n<li data-section-id=\"hqacz4\" data-start=\"3009\" data-end=\"3048\">\n<p data-start=\"3011\" data-end=\"3048\">optimiser le fonctionnement des pages<\/p>\n<\/li>\n<\/ul>\n<p data-start=\"3050\" data-end=\"3165\">Un cookie est un petit fichier stock\u00e9 sur l\u2019ordinateur de l\u2019utilisateur lors de la consultation d\u2019un site internet.<\/p>\n<p data-start=\"3167\" data-end=\"3252\">L\u2019utilisateur peut configurer son navigateur pour refuser tout ou partie des cookies.<\/p>\n<p data-start=\"3167\" data-end=\"3252\">\u00a0<\/p>\n<p data-section-id=\"11dls4t\" data-start=\"3259\" data-end=\"3288\"><strong>9. Droits des utilisateurs<\/strong><\/p>\n<p data-start=\"3290\" data-end=\"3419\">Conform\u00e9ment \u00e0 la r\u00e9glementation en vigueur, chaque utilisateur dispose des droits suivants concernant ses donn\u00e9es personnelles :<\/p>\n<ul data-start=\"3421\" data-end=\"3600\">\n<li data-section-id=\"1v4i4nf\" data-start=\"3421\" data-end=\"3438\">\n<p data-start=\"3423\" data-end=\"3438\">droit d\u2019acc\u00e8s<\/p>\n<\/li>\n<li data-section-id=\"xanhyt\" data-start=\"3439\" data-end=\"3465\">\n<p data-start=\"3441\" data-end=\"3465\">droit de rectification<\/p>\n<\/li>\n<li data-section-id=\"righvl\" data-start=\"3466\" data-end=\"3488\">\n<p data-start=\"3468\" data-end=\"3488\">droit d\u2019effacement<\/p>\n<\/li>\n<li data-section-id=\"1753jp5\" data-start=\"3489\" data-end=\"3526\">\n<p data-start=\"3491\" data-end=\"3526\">droit de limitation du traitement<\/p>\n<\/li>\n<li data-section-id=\"6m7apa\" data-start=\"3527\" data-end=\"3563\">\n<p data-start=\"3529\" data-end=\"3563\">droit d\u2019opposition au traitement<\/p>\n<\/li>\n<li data-section-id=\"9ol9vw\" data-start=\"3564\" data-end=\"3600\">\n<p data-start=\"3566\" data-end=\"3600\">droit \u00e0 la portabilit\u00e9 des donn\u00e9es<\/p>\n<\/li>\n<\/ul>\n<p data-start=\"3602\" data-end=\"3662\">Ces droits peuvent \u00eatre exerc\u00e9s en adressant une demande \u00e0 : communication@mc2lab.fr<\/p>\n<p data-start=\"3696\" data-end=\"3754\">Une r\u00e9ponse sera apport\u00e9e dans un d\u00e9lai maximal d\u2019un mois.<\/p>\n<p data-start=\"3696\" data-end=\"3754\">\u00a0<\/p>\n<p data-section-id=\"nohuvt\" data-start=\"3761\" data-end=\"3815\"><strong>10. Modification de la politique de confidentialit\u00e9<\/strong><\/p>\n<p data-start=\"3817\" data-end=\"3967\">La soci\u00e9t\u00e9 MC2 se r\u00e9serve le droit de modifier la pr\u00e9sente politique de confidentialit\u00e9 afin de garantir sa conformit\u00e9 avec la l\u00e9gislation en vigueur.<\/p>\n<p data-start=\"3969\" data-end=\"4041\">La derni\u00e8re mise \u00e0 jour de cette politique sera indiqu\u00e9e sur cette page.<\/p>\n\t\t\t\t\t\t\t\t<\/div>\n\t\t\t\t<\/div>\n\t\t\t\t\t<\/div>\n\t\t\t\t<\/div>\n\t\t\t\t<\/div>\n\t\t","protected":false},"excerpt":{"rendered":"<p>POLITIQUE DE CONFIDENTIALIT\u00c9 1. Introduction La pr\u00e9sente politique de confidentialit\u00e9 a pour objectif d\u2019informer les utilisateurs du site VigiSensys sur la mani\u00e8re dont leurs donn\u00e9es personnelles peuvent \u00eatre collect\u00e9es, utilis\u00e9es et prot\u00e9g\u00e9es lors de leur navigation sur le site. La soci\u00e9t\u00e9 MC2 s\u2019engage \u00e0 respecter la r\u00e9glementation en vigueur relative \u00e0 la protection des donn\u00e9es [&hellip;]<\/p>\n","protected":false},"author":1,"featured_media":0,"parent":0,"menu_order":0,"comment_status":"closed","ping_status":"open","template":"elementor_header_footer","meta":{"footnotes":""},"class_list":["post-3","page","type-page","status-publish","hentry"],"yoast_head":"<!-- This site is optimized with the Yoast SEO plugin v27.5 - https:\/\/yoast.com\/product\/yoast-seo-wordpress\/ -->\n<title>Politique de confidentialit\u00e9 - VigiSensys<\/title>\n<meta name=\"robots\" content=\"index, follow, max-snippet:-1, max-image-preview:large, max-video-preview:-1\" \/>\n<link rel=\"canonical\" href=\"https:\/\/vigisensys.fr\/index.php\/politique-de-confidentialite\/\" \/>\n<meta property=\"og:locale\" content=\"fr_FR\" \/>\n<meta property=\"og:type\" content=\"article\" \/>\n<meta property=\"og:title\" content=\"Politique de confidentialit\u00e9 - VigiSensys\" \/>\n<meta property=\"og:description\" content=\"POLITIQUE DE CONFIDENTIALIT\u00c9 1. Introduction La pr\u00e9sente politique de confidentialit\u00e9 a pour objectif d\u2019informer les utilisateurs du site VigiSensys sur la mani\u00e8re dont leurs donn\u00e9es personnelles peuvent \u00eatre collect\u00e9es, utilis\u00e9es et prot\u00e9g\u00e9es lors de leur navigation sur le site. La soci\u00e9t\u00e9 MC2 s\u2019engage \u00e0 respecter la r\u00e9glementation en vigueur relative \u00e0 la protection des donn\u00e9es [&hellip;]\" \/>\n<meta property=\"og:url\" content=\"https:\/\/vigisensys.fr\/index.php\/politique-de-confidentialite\/\" \/>\n<meta property=\"og:site_name\" content=\"VigiSensys\" \/>\n<meta property=\"article:modified_time\" content=\"2026-03-09T14:48:37+00:00\" \/>\n<meta property=\"og:image\" content=\"https:\/\/vigisensys.fr\/wp-content\/uploads\/2026\/02\/VigiSensys1-1-scaled.png\" \/>\n\t<meta property=\"og:image:width\" content=\"2376\" \/>\n\t<meta property=\"og:image:height\" content=\"2560\" \/>\n\t<meta property=\"og:image:type\" content=\"image\/png\" \/>\n<meta name=\"twitter:card\" content=\"summary_large_image\" \/>\n<meta name=\"twitter:label1\" content=\"Dur\u00e9e de lecture estim\u00e9e\" \/>\n\t<meta name=\"twitter:data1\" content=\"3 minutes\" \/>\n<script type=\"application\/ld+json\" class=\"yoast-schema-graph\">{\"@context\":\"https:\\\/\\\/schema.org\",\"@graph\":[{\"@type\":\"WebPage\",\"@id\":\"https:\\\/\\\/vigisensys.fr\\\/index.php\\\/politique-de-confidentialite\\\/\",\"url\":\"https:\\\/\\\/vigisensys.fr\\\/index.php\\\/politique-de-confidentialite\\\/\",\"name\":\"Politique de confidentialit\u00e9 - VigiSensys\",\"isPartOf\":{\"@id\":\"https:\\\/\\\/vigisensys.fr\\\/#website\"},\"datePublished\":\"2024-12-17T08:55:51+00:00\",\"dateModified\":\"2026-03-09T14:48:37+00:00\",\"breadcrumb\":{\"@id\":\"https:\\\/\\\/vigisensys.fr\\\/index.php\\\/politique-de-confidentialite\\\/#breadcrumb\"},\"inLanguage\":\"fr-FR\",\"potentialAction\":[{\"@type\":\"ReadAction\",\"target\":[\"https:\\\/\\\/vigisensys.fr\\\/index.php\\\/politique-de-confidentialite\\\/\"]}]},{\"@type\":\"BreadcrumbList\",\"@id\":\"https:\\\/\\\/vigisensys.fr\\\/index.php\\\/politique-de-confidentialite\\\/#breadcrumb\",\"itemListElement\":[{\"@type\":\"ListItem\",\"position\":1,\"name\":\"Accueil\",\"item\":\"https:\\\/\\\/vigisensys.fr\\\/\"},{\"@type\":\"ListItem\",\"position\":2,\"name\":\"Politique de confidentialit\u00e9\"}]},{\"@type\":\"WebSite\",\"@id\":\"https:\\\/\\\/vigisensys.fr\\\/#website\",\"url\":\"https:\\\/\\\/vigisensys.fr\\\/\",\"name\":\"VigiSensys - Solution de surveillance multi-param\u00e8tres\",\"description\":\"UNE MEILLEURE MA\u00ceTRISE DU RISQUE GR\u00c2CE A DES RESULTATS PLUS FIABLES\",\"publisher\":{\"@id\":\"https:\\\/\\\/vigisensys.fr\\\/#organization\"},\"alternateName\":\"VGS\",\"potentialAction\":[{\"@type\":\"SearchAction\",\"target\":{\"@type\":\"EntryPoint\",\"urlTemplate\":\"https:\\\/\\\/vigisensys.fr\\\/?s={search_term_string}\"},\"query-input\":{\"@type\":\"PropertyValueSpecification\",\"valueRequired\":true,\"valueName\":\"search_term_string\"}}],\"inLanguage\":\"fr-FR\"},{\"@type\":\"Organization\",\"@id\":\"https:\\\/\\\/vigisensys.fr\\\/#organization\",\"name\":\"VigiSensys\",\"url\":\"https:\\\/\\\/vigisensys.fr\\\/\",\"logo\":{\"@type\":\"ImageObject\",\"inLanguage\":\"fr-FR\",\"@id\":\"https:\\\/\\\/vigisensys.fr\\\/#\\\/schema\\\/logo\\\/image\\\/\",\"url\":\"https:\\\/\\\/vigisensys.fr\\\/wp-content\\\/uploads\\\/2026\\\/02\\\/VigiSensys1-1-scaled.png\",\"contentUrl\":\"https:\\\/\\\/vigisensys.fr\\\/wp-content\\\/uploads\\\/2026\\\/02\\\/VigiSensys1-1-scaled.png\",\"width\":2376,\"height\":2560,\"caption\":\"VigiSensys\"},\"image\":{\"@id\":\"https:\\\/\\\/vigisensys.fr\\\/#\\\/schema\\\/logo\\\/image\\\/\"},\"sameAs\":[\"https:\\\/\\\/www.linkedin.com\\\/company\\\/mc2lab\"]}]}<\/script>\n<!-- \/ Yoast SEO plugin. -->","yoast_head_json":{"title":"Politique de confidentialit\u00e9 - VigiSensys","robots":{"index":"index","follow":"follow","max-snippet":"max-snippet:-1","max-image-preview":"max-image-preview:large","max-video-preview":"max-video-preview:-1"},"canonical":"https:\/\/vigisensys.fr\/index.php\/politique-de-confidentialite\/","og_locale":"fr_FR","og_type":"article","og_title":"Politique de confidentialit\u00e9 - VigiSensys","og_description":"POLITIQUE DE CONFIDENTIALIT\u00c9 1. Introduction La pr\u00e9sente politique de confidentialit\u00e9 a pour objectif d\u2019informer les utilisateurs du site VigiSensys sur la mani\u00e8re dont leurs donn\u00e9es personnelles peuvent \u00eatre collect\u00e9es, utilis\u00e9es et prot\u00e9g\u00e9es lors de leur navigation sur le site. La soci\u00e9t\u00e9 MC2 s\u2019engage \u00e0 respecter la r\u00e9glementation en vigueur relative \u00e0 la protection des donn\u00e9es [&hellip;]","og_url":"https:\/\/vigisensys.fr\/index.php\/politique-de-confidentialite\/","og_site_name":"VigiSensys","article_modified_time":"2026-03-09T14:48:37+00:00","og_image":[{"width":2376,"height":2560,"url":"https:\/\/vigisensys.fr\/wp-content\/uploads\/2026\/02\/VigiSensys1-1-scaled.png","type":"image\/png"}],"twitter_card":"summary_large_image","twitter_misc":{"Dur\u00e9e de lecture estim\u00e9e":"3 minutes"},"schema":{"@context":"https:\/\/schema.org","@graph":[{"@type":"WebPage","@id":"https:\/\/vigisensys.fr\/index.php\/politique-de-confidentialite\/","url":"https:\/\/vigisensys.fr\/index.php\/politique-de-confidentialite\/","name":"Politique de confidentialit\u00e9 - VigiSensys","isPartOf":{"@id":"https:\/\/vigisensys.fr\/#website"},"datePublished":"2024-12-17T08:55:51+00:00","dateModified":"2026-03-09T14:48:37+00:00","breadcrumb":{"@id":"https:\/\/vigisensys.fr\/index.php\/politique-de-confidentialite\/#breadcrumb"},"inLanguage":"fr-FR","potentialAction":[{"@type":"ReadAction","target":["https:\/\/vigisensys.fr\/index.php\/politique-de-confidentialite\/"]}]},{"@type":"BreadcrumbList","@id":"https:\/\/vigisensys.fr\/index.php\/politique-de-confidentialite\/#breadcrumb","itemListElement":[{"@type":"ListItem","position":1,"name":"Accueil","item":"https:\/\/vigisensys.fr\/"},{"@type":"ListItem","position":2,"name":"Politique de confidentialit\u00e9"}]},{"@type":"WebSite","@id":"https:\/\/vigisensys.fr\/#website","url":"https:\/\/vigisensys.fr\/","name":"VigiSensys - Solution de surveillance multi-param\u00e8tres","description":"UNE MEILLEURE MA\u00ceTRISE DU RISQUE GR\u00c2CE A DES RESULTATS PLUS FIABLES","publisher":{"@id":"https:\/\/vigisensys.fr\/#organization"},"alternateName":"VGS","potentialAction":[{"@type":"SearchAction","target":{"@type":"EntryPoint","urlTemplate":"https:\/\/vigisensys.fr\/?s={search_term_string}"},"query-input":{"@type":"PropertyValueSpecification","valueRequired":true,"valueName":"search_term_string"}}],"inLanguage":"fr-FR"},{"@type":"Organization","@id":"https:\/\/vigisensys.fr\/#organization","name":"VigiSensys","url":"https:\/\/vigisensys.fr\/","logo":{"@type":"ImageObject","inLanguage":"fr-FR","@id":"https:\/\/vigisensys.fr\/#\/schema\/logo\/image\/","url":"https:\/\/vigisensys.fr\/wp-content\/uploads\/2026\/02\/VigiSensys1-1-scaled.png","contentUrl":"https:\/\/vigisensys.fr\/wp-content\/uploads\/2026\/02\/VigiSensys1-1-scaled.png","width":2376,"height":2560,"caption":"VigiSensys"},"image":{"@id":"https:\/\/vigisensys.fr\/#\/schema\/logo\/image\/"},"sameAs":["https:\/\/www.linkedin.com\/company\/mc2lab"]}]}},"_links":{"self":[{"href":"https:\/\/vigisensys.fr\/index.php\/wp-json\/wp\/v2\/pages\/3","targetHints":{"allow":["GET"]}}],"collection":[{"href":"https:\/\/vigisensys.fr\/index.php\/wp-json\/wp\/v2\/pages"}],"about":[{"href":"https:\/\/vigisensys.fr\/index.php\/wp-json\/wp\/v2\/types\/page"}],"author":[{"embeddable":true,"href":"https:\/\/vigisensys.fr\/index.php\/wp-json\/wp\/v2\/users\/1"}],"replies":[{"embeddable":true,"href":"https:\/\/vigisensys.fr\/index.php\/wp-json\/wp\/v2\/comments?post=3"}],"version-history":[{"count":4,"href":"https:\/\/vigisensys.fr\/index.php\/wp-json\/wp\/v2\/pages\/3\/revisions"}],"predecessor-version":[{"id":2921,"href":"https:\/\/vigisensys.fr\/index.php\/wp-json\/wp\/v2\/pages\/3\/revisions\/2921"}],"wp:attachment":[{"href":"https:\/\/vigisensys.fr\/index.php\/wp-json\/wp\/v2\/media?parent=3"}],"curies":[{"name":"wp","href":"https:\/\/api.w.org\/{rel}","templated":true}]}}